0916. Give x(371).
-1
Let d(z) = 53818*z - 484402. Calculate d(9).
-40
Let d(a) = a**3 + 126*a**2 + 3242*a + 234. Give d(-36).
162
Let f(h) = -6108*h**2 - 1264356*h - 1. Give f(-207).
-1
Let m(s) = 491*s + 3528. What is m(-5)?
1073
Let b(r) = r**2 + 1752*r + 119432. What is b(-71)?
81
Let v(w) = 49951*w - 2747271. Determine v(55).
34
Let r(v) = 4022*v + 12203. What is r(-3)?
137
Let m(r) = 2*r**2 + 64*r - 718. Give m(-37).
-348
Let c(b) = -b**3 - 38*b**2 + 43*b + 282. Calculate c(-39).
126
Let a(g) = -9*g**2 - 1132*g - 2639. Calculate a(-122).
1509
Let o(d) = -52789*d + 52844. What is o(1)?
55
Let c(z) = z**2 + 119*z + 496. Give c(-23).
-1712
Let b(m) = 2*m**3 - 1675*m**2 + 6632*m + 184. Give b(4).
40
Let t(s) = -1976*s + 98814. Give t(50).
14
Let l(r) = r**3 - 337*r**2 - 1393*r + 9897. Determine l(341).
8
Let k(g) = -g**3 + 87*g**2 - 1439*g + 696. Determine k(65).
111
Let j(w) = -w**3 - 118*w**2 + 980*w - 15. What is j(8)?
-239
Let v(s) = 34755*s**2 - 764602*s - 177. What is v(22)?
-1
Let p(h) = -9*h**2 - 263*h + 8173. Give p(28).
-6247
Let s(h) = 3*h**2 - 2042*h + 18369. Calculate s(9).
234
Let s(m) = -m**3 - 229*m**2 + 425*m + 44843. Calculate s(-230).
-7
Let j(c) = 3*c**2 + 436*c - 1308. Give j(3).
27
Let l(d) = 345*d**2 + 10260*d - 67. Give l(-30).
2633
Let o(l) = -2*l**2 + 230*l + 39328. What is o(-94)?
36
Let d(u) = -89*u**2 - 4207*u + 4276. Calculate d(1).
-20
Let h(i) = 575*i + 191. Determine h(-1).
-384
Let t(a) = -52*a**3 - 14*a**2 + 169*a + 611. What is t(-3)?
1382
Let u(f) = -f**2 - 201*f + 5175. Determine u(23).
23
Let c(v) = 11527*v - 1083525. Give c(94).
13
Let i(u) = 263*u**2 - 21*u - 6. What is i(2)?
1004
Let u(y) = -11102*y + 188706. Calculate u(17).
-28
Let w(x) = 1970*x + 1107146. Give w(-562).
6
Let i(r) = -r**2 + 1824*r - 823449. Determine i(1003).
14
Let i(q) = 44*q + 1622. Calculate i(-66).
-1282
Let u(r) = -13*r**3 - 189*r**2 - 668*r - 4. What is u(-8)?
-100
Let c(j) = -21*j**2 + 1384*j - 3627. What is c(63)?
216
Let k(v) = -3*v**2 - 194*v + 866. What is k(5)?
-179
Let s(i) = 52*i**2 - 3522*i + 12384. Determine s(64).
-32
Let n(y) = 133*y - 2058. Determine n(9).
-861
Let l(z) = -265105*z + 265120. Calculate l(1).
15
Let y(m) = -2874*m - 31662. Calculate y(-11).
-48
Let f(b) = -530*b**2 - 120311*b - 232. Give f(-227).
-5
Let v(k) = 17*k**2 + 1375*k - 22800. Determine v(-95).
0
Let v(w) = w**3 + 262*w**2 - 1064*w + 23. Determine v(4).
23
Let i(f) = -2*f**3 + 26*f**2 - 180*f + 37. Give i(12).
-1835
Let p(l) = 2437163*l - 12185816. What is p(5)?
-1
Let s(c) = 26*c**3 + 3*c**2 + 30*c + 81. Calculate s(-3).
-684
Let r(g) = g**2 + 1084*g + 27450. Determine r(-26).
-58
Let n(i) = 18*i**2 + 48*i - 80. Determine n(-14).
2776
Let s(v) = v**3 - 102*v**2 - 270*v + 6406. Determine s(104).
-42
Let x(b) = -25*b**3 - 134*b**2 + 43*b + 4. What is x(-6)?
322
Let d(v) = -v**3 + 601*v**2 + 4992*v - 2282954. Calculate d(603).
4
Let a(o) = -1638*o - 4943. What is a(-3)?
-29
Let o(m) = 108*m**3 - 90936*m**2 + 5*m - 4237. What is o(842)?
-27
Let g(p) = -38688*p + 851041. Calculate g(22).
-95
Let u(n) = 4*n**3 - 308*n**2 - 37*n - 1. Give u(77).
-2850
Let q(r) = 28*r - 1870. Give q(8).
-1646
Let t(k) = 35*k**3 - 10*k**2 + 148*k - 590. Determine t(4).
2082
Let r(f) = -84*f - 14827. What is r(-178)?
125
Let d(t) = 1231*t - 161303. Calculate d(131).
-42
Let o(g) = 411*g - 9626. Calculate o(24).
238
Let w(y) = -19*y**2 + 23*y + 1127. Calculate w(-7).
35
Let p(f) = f**3 + 264*f**2 - 3217*f + 106364. Give p(-277).
-4
Let s(k) = 7*k**3 - 18*k**2 - 94*k - 128. Determine s(-6).
-1724
Let y(d) = d**2 + 2157*d - 41350. Give y(19).
-6
Let c(s) = 173299*s + 1906330. Determine c(-11).
41
Let v(q) = 22171*q + 45473. Give v(-2).
1131
Let h(n) = 412*n**2 + 73474*n + 24557. Determine h(-178).
-7
Let w(u) = 998470*u + 998469. Calculate w(-1).
-1
Let c(t) = 2*t**2 - 2929*t + 124887. What is c(44)?
-117
Let m(c) = 15*c**3 + 1605*c**2 - 3*c + 255. Determine m(-107).
576
Let f(r) = 2830*r - 32235. What is f(11)?
-1105
Let c(j) = 4*j**3 + 26*j**2 + 679*j + 15. Give c(0).
15
Let y(x) = 4*x**2 + 275*x + 2370. What is y(-61)?
479
Let b(a) = a**3 + 260*a**2 + 715*a + 254729. Determine b(-261).
-7
Let b(x) = -6*x**3 - 1185*x**2 - 1744*x + 3986. Determine b(-196).
66
Let d(p) = -16*p**3 + 6*p**2 + 176*p - 360. What is d(2)?
-112
Let w(r) = -47*r**3 - 10*r**2 + 11*r - 6. Calculate w(3).
-1332
Let y(j) = -j**3 - 59*j**2 - 771*j - 45485. What is y(-59)?
4
Let b(z) = 2924*z + 143378. Give b(-49).
102
Let w(v) = -2*v**3 - 61*v**2 - 8*v - 435. What is w(-31)?
774
Let g(a) = a**2 - 98*a - 12609. Give g(-71).
-610
Let q(d) = d**3 + 3*d**2 - 93*d - 469. Determine q(-6).
-19
Let d(y) = -y**2 - 3515*y + 218174. Determine d(61).
38
Let k(m) = 2*m**2 + 55*m + 60. Determine k(-12).
-312
Let j(a) = 22*a**2 - 201*a - 109. Determine j(-1).
114
Let i(j) = -23107*j - 23. What is i(0)?
-23
Let w(k) = 5684*k + 596768. Give w(-105).
-52
Let h(x) = -901*x - 4716. Determine h(-6).
690
Let x(l) = 11*l**2 + 40*l - 407. Give x(12).
1657
Let s(a) = -2*a**2 - 269*a - 192. Calculate s(-133).
207
Let w(n) = 26029*n - 1587833. Calculate w(61).
-64
Let o(r) = -229*r + 13471. Calculate o(60).
-269
Let s(a) = -2*a**3 - 20*a**2 - 447*a - 3904. What is s(-9)?
-43
Let i(y) = -y**3 - 99*y**2 + 423*y + 11793. What is i(-102)?
-141
Let s(x) = -114339*x - 1. What is s(0)?
-1
Let a(x) = 49*x**2 + 4527*x - 4530. Determine a(1).
46
Let p(j) = 17*j**3 - 366*j**2 - 177*j + 25. Give p(22).
3
Let m(p) = -88*p**3 - 10*p**2 + 433*p + 444. Calculate m(-1).
89
Let y(v) = 3*v**3 + 74*v**2 - 267*v - 6074. Determine y(-25).
-24
Let p(c) = -7*c**3 - 46*c**2 + 236*c + 1241. What is p(-8)?
-7
Let q(t) = t**3 - 504*t**2 + 63137*t + 1395. Calculate q(233).
-3
Let d(u) = -6*u**2 + 205*u + 1681. Determine d(41).
0
Let a(x) = x**3 + 19*x**2 - 113*x + 41. Give a(7).
524
Let a(n) = -n**2 - 57*n + 1612. Determine a(27).
-656
Let a(j) = 1019*j - 2226. Calculate a(2).
-188
Let d(p) = -p**2 + 8696*p - 432290. Determine d(50).
10
Let z(a) = 6*a**2 + 62*a - 50816. What is z(87)?
-8
Let q(f) = -4*f**2 + 2916*f - 8. Determine q(0).
-8
Let w(v) = -18*v**2 + 1292*v + 304. What is w(72)?
16
Let g(d) = -d**2 - 5690*d - 360013. Give g(-64).
51
Let o(d) = -d**3 - 146*d**2 - 834*d - 594. What is o(-140)?
-1434
Let q(b) = 3*b**3 + 22*b**2 + 13428*b + 93947. Determine q(-7).
0
Let t(r) = -2*r**2 - 12035*r - 323514. Determine t(-27).
-27
Let w(q) = q**3 - 31*q**2 - 12*q + 911. Determine w(20).
-3729
Let x(l) = -15163*l - 59857. What is x(-4)?
795
Let h(m) = m**3 + 160*m**2 + 3082*m + 6374. Calculate h(-138).
26
Let i(j) = -74*j**2 + 1987*j + 126. Calculate i(28).
-2254
Let j(r) = 6*r**2 + 287*r + 13. What is j(-47)?
-222
Let b(o) = -84*o**3 + 9*o**2 + 432*o + 842. What is b(-2)?
686
Let x(a) = -549*a + 809. Determine x(3).
-838
Let k(d) = 2*d**3 - 142*d**2 + 17*d - 874. Calculate k(71).
333
Let c(f) = f**3 + 145*f**2 + 984*f + 2435. Calculate c(-138).
-49
Let j(i) = 28*i + 152. What is j(-7)?
-44
Let p(y) = -866*y + 790575. Calculate p(913).
-83
Let z(q) = 6552*q - 294830. Give z(45).
10
Let u(v) = -74*v**3 - 9*v**2 + 67*v - 121. Calculate u(2).
-615
Let m(p) = -393*p**2 - 83301*p + 3167. Give m(-212).
-13
Let l(c) = -49818*c - 747264. Give l(-15).
6
Let r(c) = c**3 - 10*c**2 - 20*c - 98. Determine r(10).
-298
Let f(h) = 32*h + 12687. What is f(-241)?
4975
Let i(y) = y**3 + 36*y**2 - 1496*y + 3153. Determine i(23).
-44
Let k(m) = 17*m + 3304. What is k(-47)?
2505
Let t(c) = -75608*c + 3856001. Give t(51).
-7
Let z(c) = c**2 - 3468*c + 55263. What is z(16)?
31
Let f(t) = -2480*t - 1481. Give f(-1).
999
Let u(g) = -1308*g - 82709. Calculate u(-63).
-305
Let p(c) = -3*c**3 + 9*c**2 - 52*c - 1. What is p(3)?
-157
Let p(a) = -1427*a + 129907. What is p(91)?
50
Let k(a) = -3*a**2 + 329*a + 36876. Determine k(-69).
-108
Let k(l) = 4723*l + 198362. Give k(-42).
-4
Let p(r) = 58*r**2 + 1270*r - 133. Determine p(-22).
-1
Let t(k) = 140552*k + 421657. Calculate t(-3).
1
Let y(w) = -w**2 + 225*w - 5114. What is y(26)?
60
Let r(z) = -783*z + 78901. Determine r(101).
-182
Let h(a) = -189*a + 1922. Calculate h(3).
1355
Let t(j) = -j**3 + 8*j**2 - 273*j + 1913. Give t(8).
-271
Let d(g) = -479*g**2 + 2345*g - 176. What is d(5)?
-426
Let r(b) = -210*b + 36879. Give r(1